2*t**2 - t. Let r = -14 + 8. Let q = r - -5. Let n be b(q). What is the greatest common factor of n and 18?
9
Suppose 0 = -2*n - x + 56, 6*n - 3*x - 151 = n. Calculate the highest common divisor of 145 and n.
29
Let u(m) = 2*m**2 - 2*m - 1. Let p(g) = -2*g**2 + g + 2. Let o(s) = -3*p(s) - 2*u(s). Let l be o(-3). What is the greatest common divisor of l and 88?
11
Let p = -41 - -88. Suppose 5*o + p = 197. Calculate the greatest common factor of 45 and o.
15
Let a(x) = 6*x**2 + x + 7. Let d be (-4 - -1)*25/(-15). Let z be a(d). What is the highest common factor of 18 and z?
18
Let j(w) = w**2 + w - 3. Let u be 1*(-5 - 0/(-1)). Let v be j(u). Let z = -60 + 77. Calculate the highest common factor of z and v.
17
Let s(w) = -w + 10. Let r(q) = -q + 9. Let u(l) = 3*r(l) - 2*s(l). Let x be 3 + (-2)/(2 + -3). Let d be u(x). Calculate the greatest common factor of 22 and d.
2
Let a be -4 + 6/3 - -14. Let r = -6 + a. What is the highest common factor of r and 12?
6
Suppose 30 = 5*x - 4*y, 8 = x - 2*x - 2*y. Let v = -1 + x. Suppose 2*q = -2*f - 6, -2*q + 5*q + 11 = -2*f. Calculate the highest common factor of v and f.
1
Let a(d) = d**3 - d**2 + d + 30. Let u be a(0). Calculate the greatest common factor of 6 and u.
6
Let u be ((-30)/8)/((-3)/20). Suppose 0*h + 2*h = 10. Calculate the greatest common divisor of u and h.
5
Let d(z) be the second derivative of 3*z**3 + 11*z**2/2 + 6*z. Let t be d(6). What is the greatest common divisor of t and 17?
17
Suppose 2*i = 6*i - 4. Calculate the greatest common factor of i and 11.
1
Let s be (-1 - (2 - 2))*3. Let g = s + 8. Suppose 2*l + 30 = g*l. Calculate the highest common factor of l and 80.
10
Let d be (2 - 1)*21/1. Suppose m - 91 = -d. Suppose 0*t - 112 = -4*c - 3*t, -84 = -3*c - t. What is the highest common divisor of c and m?
14
Let v be (-4)/((-32)/(-18) - 2). Calculate the greatest common factor of 162 and v.
18
Let m be ((-2)/6)/(9/(-162)). What is the greatest common divisor of 6 and m?
6
Let f(p) = -2*p - 1. Let n be f(-3). Suppose -n*t + 128 = -197. Calculate the highest common factor of t and 26.
13
Suppose -5*l + 4*c - 68 = 58, 0 = 5*l + 4*c + 94. Let p be (-4)/(-2)*l/(-4). Calculate the greatest common factor of p and 55.
11
Suppose -76*k + 350 = -71*k. What is the highest common factor of k and 10?
10
Let q be -1*(1 + -7 + -1). Let t = 4 + q. Let b(z) = -4*z**3 - 3*z**2 + 2*z + 2. Let c be b(-3). What is the highest common factor of c and t?
11
Let b = 0 - -7. Let r = b + -4. What is the highest common factor of 6 and r?
3
Suppose -4*s + 0*s - 2*x = -14, 0 = 5*s - 2*x - 13. Let n = 4 - -17. Calculate the highest common divisor of s and n.
3
Suppose -3*j - j = -8. Suppose -4*s + j*s = -2*t - 64, -4*t + 37 = s. What is the greatest common factor of s and 3?
3
Suppose 5*d + g = 35, -g - 21 = -d - 4*g. Let a be (d + -3 - -109)*1. What is the highest common divisor of a and 16?
16
Let f(u) = u + 14. Let k be f(-3). Calculate the highest common divisor of 1 and k.
1
Suppose -4*y = 2*c - 17 + 7, -y = 3*c. Calculate the greatest common divisor of y and 33.
3
Let g be 38/((-3 - -13)/5). Let a(x) = -x**3 - x**2 + 190. Let i be a(0). What is the greatest common divisor of i and g?
19
Let d be 15/5 + (-3 - -1). Let u be (-3)/((-6)/d)*4. Suppose -u*s + 3 = -7. What is the greatest common factor of s and 20?
5
Let b be 1/3 - 26/(-3). Suppose 0 = -5*c + 11 + 4. Suppose m = -4*q + q + 1, -c*m - 5 = q. Calculate the greatest common divisor of b and q.
1
Let u = -10 + 40. What is the highest common divisor of 12 and u?
6
Suppose -70 = -x - 15. Let d = 3 - -2. What is the greatest common divisor of x and d?
5
Let x = -8 + 10. Suppose -4*n = 20, -j + 61 = -x*n + n. Calculate the greatest common divisor of 14 and j.
14
Suppose 6*x = 5*x + 4. What is the highest common factor of x and 2?
2
Suppose 19 + 71 = 6*b. Calculate the highest common factor of b and 75.
15
Let r be (-995)/(-5) + (-1 - 2). Calculate the highest common factor of 28 and r.
28
Suppose 6*a = 10*a - 616. Calculate the greatest common divisor of 14 and a.
14
Suppose -6*f + 4 = -4*y - 2*f, 5*y = -3*f + 19. Suppose -3*n + 5 + 10 = -4*u, -17 = -y*n + 5*u. What is the highest common factor of n and 3?
1
Let d be (-1)/2 - (-2)/4. Suppose -3*s + d*s = -39. Calculate the highest common divisor of 39 and s.
13
Let u(j) = j**3 + 15*j**2 - 14*j + 36. Let h be u(-16). Calculate the highest common divisor of h and 44.
4
Let c = 36 + -14. Suppose 523 = 5*w - 4*a, -3*a - 422 = -4*w + 2*a. Suppose -w - 117 = -4*q. Calculate the greatest common divisor of q and c.
11
Let n(g) = g**2 - 5. Let t be n(5). Calculate the greatest common divisor of 5 and t.
5
Let v be 2/(-5) - 1731/(-15). Calculate the greatest common factor of 23 and v.
23
Let u(v) = 208*v + 1. Let y be u(1). Calculate the greatest common divisor of 19 and y.
19
Let y = -3 + 7. Suppose y*r = 4*p + 60, 4*p - 4 = -2*r + 2. Let a be (1/3)/((-2)/(-6)). What is the highest common factor of r and a?
1
Suppose -5*y - 1 = -5*z - 66, 2*z = 6. Let l = 171 + -167. What is the greatest common divisor of y and l?
4
Let r be (0/1)/(5 - 7). Suppose 20 = 2*a - 2*g - r*g, 3*g + 9 = 0. Calculate the greatest common factor of 28 and a.
7
Let s = -7 + 9. Let m be (-1)/s*-14*1. Calculate the greatest common factor of m and 14.
7
Let m(g) = 244*g**3 + 2*g**2 - 5*g + 2. Let z be m(1). What is the highest common factor of 27 and z?
27
Suppose -2*n - 88 = -4*u + 2*n, 0 = -u + 5*n + 2. Let v(w) = -55*w - 2. Let k be v(-2). Calculate the highest common divisor of k and u.
27
Let a(l) = 331*l**3 + 3*l - 4. Let g be a(1). Calculate the greatest common divisor of 30 and g.
30
Let f = 392 + -262. What is the greatest common divisor of 52 and f?
26
Let d = -52 - -31. Let s be d/(1/2*-2). Suppose -c = -5*c + 12. What is the highest common factor of s and c?
3
Let w(y) = -3*y + 4*y + y - 10. Let q be w(7). Suppose q*f + 0 = 24. What is the greatest common factor of f and 24?
6
Suppose -3*c - 6 + 60 = 0. Calculate the greatest common divisor of c and 90.
18
Let o(m) = m. Let j(i) = -i**2 - 7*i - 7. Let g be j(-5). Let r be o(g). Suppose -r*w - 4 = -4*w. Calculate the highest common divisor of w and 36.
4
Let u be (-7 - -5)/((-2)/(-6)). Let z be 16/u*(-2 + -1). Let y(v) = -v**2 - 5*v - 4. Let h be y(-3). Calculate the highest common factor of z and h.
2
Let g(o) = -o**2 + 5*o + 1. Let b be g(4). What is the highest common factor of b and 1?
1
Let v = 30 - -18. Let a be (-1)/((-165)/(-82) - 2). Let c = -50 - a. Calculate the greatest common factor of v and c.
16
Let y(i) = -i**3 - 4*i**2 + 3. Let g be y(-4). Suppose -1 = 2*a + 3*c, a - g*c + 0*c - 22 = 0. Calculate the greatest common divisor of 56 and a.
7
Let i(a) = a**3 + 6*a**2 - 8*a - 6. Let u be i(-7). Let c = -3 + 4. Let z be c - (u + (-189)/3). What is the greatest common factor of z and 7?
7
Suppose -n + 4 = 4*s, 5*n = -2*s - 59 - 11. Let t be 2*(-1 + 0) - n. Calculate the greatest common factor of 56 and t.
14
Suppose -s = 3*s - 8. Suppose -s = -q - 0. Calculate the highest common divisor of 6 and q.
2
Suppose -4*n - 4 = -12. Let q be 9 - (3 + 13)/4. What is the highest common divisor of n and q?
1
Let u(h) = 2 + 0*h + 0 - h. Let i be u(-2). Let d = -8 - -28. Calculate the highest common factor of i and d.
4
Let s = -88 - -133. Calculate the greatest common factor of 60 and s.
15
Suppose 2*c + 4*c = -204. Let y be 3*1/(-6)*c. What is the greatest common factor of 187 and y?
17
Let i = 2 + 2. Let f(k) be the second derivative of 2*k**3/3 - 4*k. Let b be f(i). What is the greatest common factor of b and 2?
2
Let q(l) = -l**3 + 2*l**2 + 5*l - 3. Suppose -3*m + 1 = -2*z, 0*z - 4 = -4*m + 2*z. Let d be q(m). What is the greatest common divisor of d and 27?
3
Let z = 181 + -131. What is the greatest common divisor of z and 20?
10
Let o(v) = 3*v**2 + 5*v + 7. Let y be o(-3). Calculate the highest common factor of 76 and y.
19
Let a be (0 + 4)/(-2) - -6. Suppose 4*v + 444 = 4*p, -a*p + 3*p + 115 = 3*v. Calculate the highest common factor of p and 14.
14
Suppose 8 = 4*t - 40. Calculate the highest common factor of 60 and t.
12
Suppose -5*l + 1 = -4*k + 2, 5*k + 5*l = 35. Let x be k*3/6 + 37. Suppose 4*q + x = 7*q. Calculate the greatest common divisor of q and 143.
13
Let m(x) = -2*x**3